16223444?
4
What is the thousands digit of 1197951?
7
What is the hundreds digit of 333763?
7
What is the thousands digit of 5239406?
9
What is the thousands digit of 93054?
3
What is the ten thousands digit of 6542210?
4
What is the thousands digit of 23772?
3
What is the units digit of 866418?
8
What is the hundred thousands digit of 2436521?
4
What is the hundred thousands digit of 7472239?
4
What is the hundred thousands digit of 9207925?
2
What is the hundreds digit of 477229?
2
What is the tens digit of 7049929?
2
What is the hundred thousands digit of 5586702?
5
What is the units digit of 9438409?
9
What is the tens digit of 231913?
1
What is the tens digit of 519643?
4
What is the ten millions digit of 15878607?
1
What is the ten millions digit of 17265376?
1
What is the thousands digit of 1601586?
1
What is the hundreds digit of 24795899?
8
What is the hundred thousands digit of 5168205?
1
What is the thousands digit of 261965?
1
What is the thousands digit of 360101?
0
What is the hundred thousands digit of 13410555?
4
What is the thousands digit of 166693?
6
What is the thousands digit of 7011303?
1
What is the tens digit of 4777001?
0
What is the thousands digit of 1035393?
5
What is the thousands digit of 134206?
4
What is the millions digit of 1594657?
1
What is the thousands digit of 798880?
8
What is the ten thousands digit of 1444205?
4
What is the thousands digit of 82658?
2
What is the tens digit of 2573459?
5
What is the units digit of 5707601?
1
What is the tens digit of 37254?
5
What is the thousands digit of 11769554?
9
What is the hundred thousands digit of 111709?
1
What is the thousands digit of 686781?
6
What is the tens digit of 9995652?
5
What is the hundred thousands digit of 278591?
2
What is the hundred thousands digit of 432034?
4
What is the hundred thousands digit of 876334?
8
What is the ten thousands digit of 209442?
0
What is the hundreds digit of 254246?
2
What is the millions digit of 9355643?
9
What is the hundreds digit of 2170221?
2
What is the tens digit of 124256?
5
What is the millions digit of 6573573?
6
What is the hundreds digit of 518737?
7
What is the ten thousands digit of 796661?
9
What is the units digit of 10238889?
9
What is the ten thousands digit of 100550?
0
What is the ten thousands digit of 72763?
7
What is the units digit of 219266?
6
What is the hundreds digit of 3450499?
4
What is the ten thousands digit of 465197?
6
What is the tens digit of 162928?
2
What is the units digit of 31466564?
4
What is the hundred thousands digit of 15204527?
2
What is the hundred thousands digit of 278175?
2
What is the hundreds digit of 974540?
5
What is the tens digit of 3865368?
6
What is the thousands digit of 324170?
4
What is the tens digit of 17041931?
3
What is the hundred thousands digit of 195474?
1
What is the hundred thousands digit of 30339188?
3
What is the tens digit of 641619?
1
What is the tens digit of 144222?
2
What is the ten thousands digit of 83647?
8
What is the millions digit of 5238001?
5
What is the hundred thousands digit of 185370?
1
What is the millions digit of 6404749?
6
What is the thousands digit of 4750234?
0
What is the ten thousands digit of 101404?
0
What is the ten millions digit of 19979337?
1
What is the tens digit of 698015?
1
What is the tens digit of 535708?
0
What is the ten thousands digit of 1357359?
5
What is the millions digit of 20226833?
0
What is the units digit of 67785?
5
What is the hundred thousands digit of 12479796?
4
What is the hundreds digit of 7105318?
3
What is the hundreds digit of 12021?
0
What is the hundreds digit of 12528867?
8
What is the thousands digit of 38256?
8
What is the ten thousands digit of 326325?
2
What is the thousands digit of 67762?
7
What is the units digit of 237848?
8
What is the hundreds digit of 12246?
2
What is the hundreds digit of 133119?
1
What is the units digit of 188760?
0
What is the units digit of 213356?
6
What is the tens digit of 9850563?
6
What is the ten thousands digit of 201163?
0
What is the units digit of 61602?
2
What is the millions digit of 4507085?
4
What is the hundreds digit of 98708?
7
What is the thousands digit of 294343?
4
What is the hundreds digit of 275641?
6
What is the ten thousands digit of 7150949?
5
What is the millions digit of 1336009?
1
What is the thousands digit of 138344?
8
What is the tens digit of 7162068?
6
What is the thousands digit of 5573008?
3
What is the thousands digit of 438411?
8
What is the ten thousands digit of 289614?
8
What is the ten thousands digit of 138104?
3
What is the thousands digit of 279819?
9
What is the ten millions digit of 17916560?
1
What is the ten thousands digit of 102953?
0
What is the thousands digit of 1761395?
1
What is the millions digit of 16603107?
6
What is the hundred thousands digit of 3470560?
4
What is the units digit of 40976?
6
What is the tens digit of 14224?
2
What is the units digit of 60414?
4
What is the hundred thousands digit of 1082939?
0
What is the ten thousands digit of 802848?
0
What is the tens digit of 1052647?
4
What is the thousands digit of 772219?
2
What is the thousands digit of 201914?
1
What is the hundred thousands digit of 1001305?
0
What is the hundred thousands digit of 23825758?
8
What is the units digit of 15741?
1
What is the hundred thousands digit of 120841?
1
What is the thousands digit of 669080?
9
What is the tens digit of 188862?
6
What is the ten thousands digit of 71684?
7
What is the ten millions digit of 34574704?
3
What is the millions digit of 17047201?
7
What is the hundred thousands digit of 5587008?
5
What is the ten thousands digit of 156201?
5
What is the ten thousands digit of 232341?
3
What is the thousands digit of 99003?
9
What is the ten thousands digit of 1315884?
1
What is the hundred thousands digit of 3886556?
8
What is the hundreds digit of 584016?
0
What is the hundreds digit of 1115633?
6
What is the ten thousands digit of 19530155?
3
What is the thousands digit of 23802?
3
What is the millions digit of 6007736?
6
What is the hundred thousands digit of 268338?
2
What is the thousands digit of 692582?
2
What is the units digit of 33282358?
8
What is the thousands digit of 130856?
0
What is the hundreds digit of 3763387?
3
What is the tens digit of 6174126?
2
What is the thousands digit of 7977435?
7
What is the thousands digit of 3594001?
4
What is the hundred thousands digit of 2964554?
9
What is the hundreds digit of 399648?
6
What is the ten thousands digit of 92016?
9
What is the ten thousands digit of 100241?
0
What is the millions digit of 4190501?
4
What is the tens digit of 66142?
4
What is the millions digit of 3679899?
3
What is the hundred thousands digit of 6861411?
8
What is the millions digit of 9302884?
9
What is the units digit of 132935?
5
What is the thousands digit of 520866?
0
What is the ten thousands digit of 6674535?
7
What is the thousands digit of 6904805?
4
What is the hundreds digit of 483218?
2
What is the thousands digit of 8576174?
6
What is the thousands digit of 4434388?
4
What is the hundreds digit of 10904612?
6
What is the tens digit of 260340?
4
What is the units digit of 5414940?
0
What is the hundreds digit of 125040?
0
What is the units digit of 1376358?
8
What is the millions digit of 13910663?
3
What is the hundred thousands digit of 18859704?
8
What is the millions digit of 1641952?
1
What is the millions digit of 1125324?
1
What is the tens digit of 224187?
8
What is the ten thousands digit of 272345?
7
What is the thousands digit of 367704?
7
What is the ten thousands digit of 2498742?
9
What is the ten thousands digit of 254783?
5
What is the units digit of 14488174?
4
What is the units digit of 21459429?
9
What is the ten thousands digit of 665874?
6
What is the ten millions digit of 11451554?
1
What is the hundreds digit of 908009?
0
What is the hundred thousands digit of 209972?
2
What is the hundreds digit of 6781369?
3
What is the hundreds digit of 587577?
5
What is the millions digit of 5939774?
5
What is the hundred thousands digit of 1539366?
5
What is the hundreds digit of 262741?
7
What is the tens digit of 135888?
8
What is the hundred thousands digit of 3985925?
9
What is the thousands digit of 1152134?
2
Wha